he highest common divisor of 603915 and 196415?
815
What is the greatest common factor of 124 and 442229508?
124
Calculate the highest common divisor of 3600695 and 13510.
35
What is the highest common factor of 276 and 739952596?
92
Calculate the highest common factor of 388407024 and 612.
612
Calculate the greatest common divisor of 33771878 and 392.
98
Calculate the highest common factor of 6 and 14953776.
6
Calculate the greatest common divisor of 19826 and 897644.
46
Calculate the highest common divisor of 4848 and 3063.
3
What is the greatest common divisor of 2991524 and 49938?
2378
Calculate the greatest common divisor of 10818987 and 11052.
921
Calculate the greatest common divisor of 72 and 159463848.
24
Calculate the greatest common divisor of 42 and 125481156.
6
Calculate the highest common divisor of 425511030 and 44520.
11130
Calculate the greatest common divisor of 2029500 and 7524.
396
Calculate the highest common factor of 7987920 and 89022.
2406
What is the greatest common factor of 23404922 and 323?
19
What is the highest common factor of 11483165 and 80?
5
Calculate the greatest common divisor of 2320 and 1608752032.
464
What is the greatest common divisor of 707783 and 27206?
61
Calculate the highest common divisor of 18095 and 9940.
35
Calculate the highest common divisor of 218425888 and 16.
16
Calculate the highest common divisor of 280 and 125447680.
40
Calculate the greatest common divisor of 260703 and 1517452.
349
Calculate the highest common divisor of 585 and 385424.
13
What is the highest common divisor of 4306512 and 3969?
147
Calculate the highest common factor of 127795728 and 1656.
552
What is the greatest common divisor of 6893 and 7626525?
61
Calculate the highest common divisor of 112 and 2885552.
16
Calculate the greatest common factor of 182 and 98777042.
182
What is the greatest common divisor of 737154 and 882198?
918
Calculate the greatest common factor of 644676 and 10788.
372
What is the highest common factor of 5723935 and 21065?
1915
What is the highest common factor of 9119293 and 1173?
391
Calculate the highest common divisor of 174816180 and 2772.
2772
Calculate the highest common factor of 50424517 and 13.
13
What is the greatest common divisor of 9075899 and 7?
7
What is the greatest common divisor of 15906 and 7501362?
66
What is the greatest common divisor of 108523 and 155899?
47
Calculate the highest common factor of 40339 and 1270867.
377
Calculate the greatest common divisor of 69948 and 969876.
1044
Calculate the highest common divisor of 1212 and 15950728.
404
Calculate the highest common divisor of 1971 and 81334191.
219
Calculate the greatest common factor of 40 and 7247620.
20
Calculate the highest common divisor of 48060 and 23112.
108
What is the greatest common divisor of 12214638 and 492?
246
Calculate the highest common factor of 7689 and 42306.
33
What is the highest common factor of 10288301 and 59525?
2381
What is the greatest common divisor of 211793062 and 1196?
598
What is the greatest common factor of 5746520 and 2827?
257
Calculate the highest common divisor of 11924 and 187680508.
1084
Calculate the greatest common divisor of 1975 and 963489925.
1975
What is the greatest common factor of 76544 and 14489540?
1196
What is the greatest common divisor of 187564 and 6383?
13
Calculate the greatest common factor of 6775 and 211850.
25
Calculate the highest common divisor of 108905440 and 128.
32
What is the highest common factor of 2686 and 73312?
158
What is the greatest common divisor of 9240 and 1198120?
3080
What is the greatest common factor of 1130746211 and 238?
119
Calculate the greatest common divisor of 8821 and 83.
1
Calculate the greatest common divisor of 261 and 5209502.
29
Calculate the highest common divisor of 3249508 and 188.
4
What is the highest common divisor of 1808 and 12616789?
113
Calculate the highest common divisor of 475117094 and 1874.
1874
What is the highest common factor of 6920 and 584860?
20
Calculate the greatest common factor of 1949718 and 30.
6
What is the greatest common divisor of 1775288 and 129214?
5618
What is the greatest common divisor of 347292 and 342540?
396
Calculate the greatest common divisor of 7 and 117337871.
7
Calculate the greatest common divisor of 12779091 and 5031.
117
Calculate the highest common factor of 22533 and 2602950.
777
Calculate the greatest common factor of 142479 and 1447657.
1759
Calculate the highest common factor of 88175681 and 28116.
781
What is the greatest common divisor of 10777 and 6071?
13
What is the greatest common divisor of 90608112 and 144039?
7581
Calculate the highest common divisor of 11652450 and 25152.
786
Calculate the greatest common divisor of 85553580 and 285.
285
Calculate the greatest common divisor of 40 and 6198624.
8
What is the highest common factor of 64509318 and 2214?
2214
Calculate the highest common divisor of 138092 and 5662.
38
What is the highest common divisor of 550 and 626300?
50
What is the highest common divisor of 2458419 and 3?
3
Calculate the highest common divisor of 2044 and 58533006.
1022
Calculate the greatest common divisor of 509 and 48730133.
509
What is the highest common divisor of 688 and 12992407?
43
Calculate the highest common factor of 8655000 and 12117.
1731
What is the highest common divisor of 426 and 17177811?
213
What is the greatest common factor of 62979095 and 40?
5
What is the highest common divisor of 270 and 84969378?
54
Calculate the highest common factor of 51948688 and 44.
44
Calculate the highest common factor of 4530 and 286321670.
1510
What is the greatest common factor of 294635 and 7803290?
605
Calculate the greatest common factor of 1860507 and 1683.
99
Calculate the highest common factor of 20 and 3768388.
4
What is the greatest common divisor of 23582037 and 150087?
3063
What is the highest common divisor of 38 and 231038309?
19
Calculate the highest common divisor of 2859 and 15571067.
953
What is the highest common factor of 29978313 and 708?
177
Calculate the highest common factor of 159400 and 74600.
200
Calculate the highest common factor of 8640 and 31675.
5
Calculate the highest common divisor of 110 and 5055578.
22
Calculate the highest common divisor of 93873 and 930059.
377
Calculate the highest common factor of 461313 and 315.
9
What is the highest common divisor of 2842 and 6581386?
98
Calculate the greatest common divisor of 3848085 and 5445.
45
Calculate the highest common factor of 6804128 and 30324.
1444
Calculate the highest common divisor of 1619385 and 3525.
705
What is the highest common divisor of 34 and 456065732?
34
Calculate the greatest common factor of 584 and 121048.
8
Calculate the highest common divisor of 3213 and 20754909.
1071
What is the greatest common divisor of 338499 and 266859?
1791
What is the highest common divisor of 833 and 90548962?
49
What is the greatest common factor of 148726 and 4140?
2
What is the greatest common factor of 16968 and 28146552?
168
Calculate the greatest common factor of 12560 and 134032.
16
What is the highest common factor of 7909 and 196999?
11
What is the highest common divisor of 840 and 105797832?
168
What is the greatest common divisor of 1140486 and 171218?
2902
What is the highest common divisor of 231 and 80120502?
231
Calculate the highest common factor of 216 and 61203276.
108
What is the greatest common divisor of 1118448 and 44388?
324
Calculate the greatest common factor of 260 and 23592660.
260
What is the greatest common factor of 149 and 2125254795?
149
What is the highest common factor of 1602 and 747735102?
1602
What is the highest common divisor of 630798833 and 101?
101
Calculate the greatest common divisor of 9 and 8567955.
9
Calculate the greatest common factor of 7480 and 636820.
340
What is the highest common factor of 93692 and 427172?
1588
Calculate the highest common divisor of 1763792 and 96.
16
What is the greatest common factor of 26 and 186897022?
26
Calculate the highest common divisor of 1360 and 189795.
5
Calculate the highest common divisor of 803 and 2846107.
11
Calculate the greatest common divisor of 153 and 398367.
9
What is the highest common divisor of 6783 and 703105431?
6783
Calculate the greatest common factor